{"id":6,"date":"2021-05-12T22:30:33","date_gmt":"2021-05-12T20:30:33","guid":{"rendered":"http:\/\/alternativeherblay.fr\/?page_id=6"},"modified":"2021-06-02T10:22:20","modified_gmt":"2021-06-02T08:22:20","slug":"accueil","status":"publish","type":"page","link":"https:\/\/alternativeherblay.fr\/","title":{"rendered":"Accueil"},"content":{"rendered":"\n<p><strong>Il est temps de mieux vivre dans le Val-d&rsquo;Oise !<\/strong> <\/p>\n\n\n\n<p class=\"has-text-align-justify\">Apr\u00e8s 50 ann\u00e9es de droite,<strong> <\/strong>l&rsquo;<strong><span class=\"has-inline-color has-vivid-green-cyan-color\">Alternative<\/span><\/strong> seule liste de gauche du canton de Herblay-sur-Seine, esp\u00e8re enfin pouvoir participer \u00e0 de r\u00e9els changements pour le d\u00e9partement du Val-d&rsquo;Oise ! <strong>Laure Botella<\/strong> (PS), <strong>G\u00e9rald Bouteill\u00e9<\/strong> (PCF) ainsi que le rempla\u00e7ant Olivier Dalmont et la rempla\u00e7ante Christine Thub\u00e9 vous proposent d&rsquo;opter pour l\u2019alternative d&rsquo;un Val-d&rsquo;Oise plus solidaire, plus juste et plus responsable \u00e9cologiquement. <br>\u00c0 travers ce site Internet, d\u00e9couvrez plus en d\u00e9tail leur projet et suivez de plus pr\u00e8s leurs interventions aupr\u00e8s de vous. <\/p>\n\n\n\n<p>Choisir l<strong><span class=\"has-inline-color has-vivid-green-cyan-color\">&lsquo;Alternative<\/span><\/strong>, c&rsquo;est choisir de faire \u00e9voluer votre d\u00e9partement !<\/p>\n\n\n\n<div class=\"wp-block-buttons\">\n<div class=\"wp-block-button\"><a class=\"wp-block-button__link\" href=\"https:\/\/alternativeherblay.fr\/?p=220\">D\u00e9couvrez notre 12 pages !<\/a><\/div>\n<\/div>\n\n\n\n<p><\/p>\n","protected":false},"excerpt":{"rendered":"<p>Il est temps de mieux vivre dans le Val-d&rsquo;Oise ! Apr\u00e8s 50 ann\u00e9es de droite, l&rsquo;Alternative seule liste de gauche du canton de Herblay-sur-Seine, esp\u00e8re enfin pouvoir participer \u00e0 de r\u00e9els changements pour le d\u00e9partement du Val-d&rsquo;Oise ! Laure Botella (PS), G\u00e9rald Bouteill\u00e9 (PCF) ainsi que le rempla\u00e7ant Olivier Dalmont et la rempla\u00e7ante Christine Thub\u00e9 &hellip;<\/p>\n<p class=\"read-more\"> <a class=\"\" href=\"https:\/\/alternativeherblay.fr\/\"> <span class=\"screen-reader-text\">Accueil<\/span> Lire la suite\u00a0\u00bb<\/a><\/p>\n","protected":false},"author":5,"featured_media":0,"parent":0,"menu_order":0,"comment_status":"closed","ping_status":"closed","template":"","meta":{"site-sidebar-layout":"default","site-content-layout":"default","ast-main-header-display":"","ast-hfb-above-header-display":"","ast-hfb-below-header-display":"","ast-hfb-mobile-header-display":"","site-post-title":"","ast-breadcrumbs-content":"","ast-featured-img":"","footer-sml-layout":"","theme-transparent-header-meta":"default","adv-header-id-meta":"","stick-header-meta":"","header-above-stick-meta":"","header-main-stick-meta":"","header-below-stick-meta":"","spay_email":""},"jetpack_shortlink":"https:\/\/wp.me\/Pd3Rnj-6","jetpack_sharing_enabled":true,"jetpack_likes_enabled":true,"_links":{"self":[{"href":"https:\/\/alternativeherblay.fr\/index.php\/wp-json\/wp\/v2\/pages\/6"}],"collection":[{"href":"https:\/\/alternativeherblay.fr\/index.php\/wp-json\/wp\/v2\/pages"}],"about":[{"href":"https:\/\/alternativeherblay.fr\/index.php\/wp-json\/wp\/v2\/types\/page"}],"author":[{"embeddable":true,"href":"https:\/\/alternativeherblay.fr\/index.php\/wp-json\/wp\/v2\/users\/5"}],"replies":[{"embeddable":true,"href":"https:\/\/alternativeherblay.fr\/index.php\/wp-json\/wp\/v2\/comments?post=6"}],"version-history":[{"count":13,"href":"https:\/\/alternativeherblay.fr\/index.php\/wp-json\/wp\/v2\/pages\/6\/revisions"}],"predecessor-version":[{"id":346,"href":"https:\/\/alternativeherblay.fr\/index.php\/wp-json\/wp\/v2\/pages\/6\/revisions\/346"}],"wp:attachment":[{"href":"https:\/\/alternativeherblay.fr\/index.php\/wp-json\/wp\/v2\/media?parent=6"}],"curies":[{"name":"wp","href":"https:\/\/api.w.org\/{rel}","templated":true}]}}